?
3
Calculate the highest common divisor of 95 and 213933882.
19
What is the greatest common factor of 428465484 and 23544?
11772
What is the greatest common factor of 8 and 364412?
4
What is the greatest common divisor of 3608 and 255549228?
1804
What is the highest common factor of 1206 and 328869?
9
What is the greatest common divisor of 43000 and 553496?
344
What is the greatest common factor of 90470660 and 1960?
980
What is the highest common factor of 4262522 and 77?
11
Calculate the greatest common factor of 245 and 127928465.
245
Calculate the greatest common factor of 270 and 97765840.
10
What is the highest common divisor of 17640 and 2036979?
441
Calculate the highest common factor of 64233 and 40679253.
4941
What is the greatest common divisor of 497 and 711755191?
497
What is the highest common divisor of 1363 and 5263355?
29
What is the highest common divisor of 221988320 and 112?
16
Calculate the highest common divisor of 54683333 and 371.
53
Calculate the greatest common divisor of 8692105 and 55.
5
What is the greatest common factor of 562071 and 85279?
107
What is the greatest common divisor of 141900 and 39259?
473
What is the highest common factor of 104058 and 95410?
94
Calculate the greatest common factor of 151543 and 7329.
7
What is the highest common factor of 224394236 and 1124?
1124
What is the greatest common factor of 30261946 and 247?
247
Calculate the highest common divisor of 744 and 1276053.
93
What is the greatest common factor of 1798238 and 44122?
26
What is the highest common factor of 37850 and 62900?
50
What is the highest common divisor of 61 and 207432391?
61
Calculate the greatest common divisor of 256212 and 11385.
99
Calculate the highest common divisor of 1488962 and 2516.
34
Calculate the highest common factor of 17160 and 13568940.
660
Calculate the greatest common divisor of 641225 and 611.
13
Calculate the highest common divisor of 82313 and 5456.
11
What is the highest common divisor of 7843755 and 118?
59
Calculate the highest common factor of 196561 and 8.
1
What is the highest common factor of 125549 and 16279?
223
What is the greatest common factor of 137723799 and 57?
57
What is the highest common factor of 279378 and 747?
747
What is the highest common divisor of 165 and 1551630?
15
What is the highest common factor of 225449008 and 16?
16
Calculate the greatest common divisor of 127224813 and 29856.
933
Calculate the greatest common divisor of 1550205 and 918.
27
Calculate the greatest common factor of 947905 and 468685.
245
What is the greatest common divisor of 142470162 and 11644?
5822
Calculate the greatest common factor of 534372936 and 1090.
218
What is the highest common factor of 4335 and 21195?
15
What is the highest common divisor of 2 and 259179758?
2
What is the highest common divisor of 12692760 and 169670?
3610
What is the highest common factor of 38336272 and 1664?
208
What is the highest common divisor of 612568 and 4136?
88
Calculate the highest common divisor of 38909817 and 6.
3
Calculate the highest common divisor of 68 and 22215362.
34
What is the highest common factor of 17043 and 1872?
39
What is the greatest common divisor of 2275 and 767000?
325
Calculate the greatest common divisor of 3451464 and 836.
76
Calculate the greatest common factor of 8080 and 29409180.
2020
Calculate the greatest common divisor of 312 and 6394560.
24
Calculate the greatest common divisor of 3873608764 and 116.
116
Calculate the highest common divisor of 56616 and 18046.
14
Calculate the highest common factor of 35 and 8675821.
7
What is the highest common divisor of 3295908 and 4466?
4466
What is the greatest common divisor of 12 and 2643612?
12
What is the greatest common factor of 90 and 31806198?
18
Calculate the highest common factor of 146 and 1369659069.
73
What is the greatest common factor of 56527325 and 125?
25
Calculate the highest common divisor of 5013996 and 260.
52
Calculate the highest common divisor of 17748060 and 528.
132
Calculate the highest common divisor of 648 and 10485738.
18
What is the highest common factor of 46218 and 336?
6
What is the greatest common divisor of 1332938 and 248?
62
What is the greatest common factor of 79543915 and 220?
55
What is the greatest common divisor of 2157450 and 750?
150
What is the highest common divisor of 192 and 6102924?
12
Calculate the highest common factor of 26325 and 469950.
975
Calculate the greatest common factor of 969207 and 20982.
807
What is the greatest common factor of 16706584 and 6?
2
What is the highest common factor of 2510 and 627751?
251
Calculate the greatest common divisor of 201 and 421258413.
201
What is the greatest common divisor of 100132 and 4388?
4
Calculate the greatest common divisor of 34850 and 244919.
17
Calculate the greatest common factor of 480 and 35980960.
160
Calculate the greatest common divisor of 596428 and 17363.
179
Calculate the greatest common divisor of 70 and 233929130.
10
What is the greatest common factor of 1651 and 1774952?
127
Calculate the highest common divisor of 534304291 and 89.
89
Calculate the greatest common divisor of 3558411 and 6561.
81
What is the highest common factor of 11684660 and 520?
260
What is the highest common divisor of 11111848 and 4048?
88
Calculate the highest common divisor of 9303099 and 19047.
2721
What is the highest common factor of 54663007 and 51?
17
Calculate the highest common divisor of 14647145 and 238301.
577
Calculate the greatest common factor of 1752 and 12376712.
584
What is the greatest common divisor of 42 and 8011734?
6
What is the highest common factor of 1343 and 6795185?
79
Calculate the greatest common factor of 48875629 and 376.
47
What is the highest common divisor of 1316682 and 11322?
666
Calculate the highest common factor of 268653 and 42999.
33
Calculate the highest common divisor of 188 and 442458.
94
Calculate the greatest common divisor of 126141936 and 1104.
1104
Calculate the greatest common factor of 1623993 and 3.
3
What is the greatest common divisor of 6840 and 48555?
45
Calculate the greatest common divisor of 1945049568 and 336.
336
What is the highest common divisor of 607 and 1598107779?
607
What is the highest common divisor of 335 and 21248849?
67
Calculate the greatest common divisor of 7532 and 25327964.
1076
What is the highest common divisor of 980 and 86161600?
980
What is the highest common divisor of 253 and 4367309?
23
Calculate the greatest common factor of 5264 and 11404.
4
Calculate the highest common factor of 3272 and 185564936.
3272
What is the greatest common factor of 51 and 2140113?
51
What is the highest common divisor of 310568370 and 2940?
1470
What is the highest common factor of 30476 and 58691?
19
Calculate the highest common factor of 16324 and 21758143.
583
Calculate the greatest common divisor of 1529 and 23548129.
1529
What is the highest common factor of 409746 and 3525?
141
Calculate the highest common divisor of 64538 and 123830.
122
What is the greatest common factor of 366667 and 5145?
343
Calculate the highest common factor of 2565 and 3962355.
285
What is the greatest common divisor of 398612 and 69362?
878
What is the greatest common factor of 110799650 and 77233?
5941
Calculate the greatest common factor of 102485076 and 656.
164
What is the highest common factor of 116784 and 258560?
16
Calculate the greatest common factor of 23031448 and 264.
88
Calculate the highest common factor of 91637 and 37492.
91
Calculate the greatest common factor of 481 and 52167817.
481
What is the greatest common divisor of 2394279 and 104542?
167
Calculate the highest common divisor of 7783 and 7563313.
43
Calculate the highest common factor of 181240 and 9340.
20
What is the highest common factor of 59488 and 288652?
676
What is the highest common factor of 356672452 and 296?
148
Calculate the highest common divisor of 582134 and 1602524.
602
What is the greatest common divisor of 837 and 23859801?
279
Calculate the highest common factor of 2016 and 18540.
36
Calculate the greatest common factor of 21717618 and 442.
26
What is the greatest common factor of 3168 and 89541?
9
Calculate the highest common divisor of 126358908 and 24.
12
What is the greatest common divisor of 34320 a